1200202
In base 10, what is 2324766 - 7?
2324759
In base 7, what is -4452140 + 41?
-4452066
In base 6, what is 2 + 13330304133?
13330304135
In base 6, what is -145 - -120033013?
120032424
In base 9, what is 1446 + -24520?
-23063
In base 11, what is -71372263 - -3?
-71372260
In base 12, what is -102432 + 1b?
-102413
In base 15, what is 17 + -41eec2?
-41eeaa
In base 12, what is -173 + -6322?
-6495
In base 14, what is -dd56917 + 5?
-dd56912
In base 9, what is -45165850 - 5?
-45165855
In base 16, what is -5 - 3cf198e?
-3cf1993
In base 15, what is 21 + -ec33d?
-ec31c
In base 8, what is -1011676131 + 4?
-1011676125
In base 6, what is 30505 + -24531?
1534
In base 9, what is 0 + 138431?
138431
In base 9, what is -2182038 - 167?
-2182216
In base 11, what is -13 - 245605?
-245618
In base 10, what is 4 - 11031671?
-11031667
In base 6, what is 5 + -13215444113?
-13215444104
In base 3, what is -12120 + -101122012?
-101211202
In base 3, what is 11112000212 + -111?
11112000101
In base 8, what is 0 + 41777743?
41777743
In base 3, what is -1200021 - -210100?
-212221
In base 9, what is 47161 + -1113?
46047
In base 9, what is 7706163 - -2?
7706165
In base 7, what is -56234533444 + -2?
-56234533446
In base 6, what is 0 - -54430201?
54430201
In base 5, what is -312 + -10024441?
-10030303
In base 13, what is 24842 + 611?
25153
In base 6, what is -504 + 421530?
421022
In base 14, what is 378 + d626?
d9a0
In base 14, what is 1 + -83d76b?
-83d76a
In base 2, what is 10010 - 10110010100011111010001011?
-10110010100011111001111001
In base 9, what is 7 - -631163?
631171
In base 13, what is -5 - 372552b?
-3725533
In base 3, what is -2022020110022 + -2?
-2022020110101
In base 16, what is -13 - -b9b3c?
b9b29
In base 7, what is 1 + -2216660033?
-2216660032
In base 3, what is 12111121 + 1212200?
21101021
In base 9, what is 152736 + 261?
153107
In base 2, what is -10000111110100100110 - 1111100001?
-10001000000100000111
In base 10, what is 2 - 3967342?
-3967340
In base 3, what is 120 + 11022002121212222?
11022002121220112
In base 11, what is 13 - -101833?
101846
In base 5, what is -1104244033 + 13?
-1104244020
In base 2, what is 100010000001101110 - 10011010100?
100001101110011010
In base 7, what is 144 - 1425141?
-1424664
In base 8, what is 1 + -13477777?
-13477776
In base 14, what is 11 - 54b18?
-54b07
In base 14, what is 1623 + -168?
1499
In base 6, what is 543400 + 3430?
551230
In base 7, what is -5 + 125005154?
125005146
In base 15, what is 184 + -5607d?
-55de9
In base 8, what is -1 - 23006413?
-23006414
In base 16, what is 57f4c3 - 7?
57f4bc
In base 3, what is -121011 - -10200210000?
10200011212
In base 13, what is -1 + 4009c1?
4009c0
In base 5, what is 12431 + -230311?
-212330
In base 15, what is 8 + -3c99e0?
-3c99d7
In base 16, what is 8148ec - 0?
8148ec
In base 9, what is -76 - -3742426?
3742340
In base 7, what is 3 - -222403123?
222403126
In base 3, what is 2 + 1100020101121021?
1100020101121100
In base 4, what is -1002 - 11011131010?
-11011132012
In base 16, what is 57 - 2413da?
-241383
In base 7, what is 1354063 - -1152?
1355245
In base 6, what is -45 + -1130314340?
-1130314425
In base 5, what is 1411 + -12223204?
-12221243
In base 16, what is 9a06ca8 - -5?
9a06cad
In base 6, what is 1105345243 + 22?
1105345305
In base 8, what is 4614 - 7545?
-2731
In base 4, what is -31301031 + -233133?
-32200230
In base 9, what is 12018830 + 4?
12018834
In base 7, what is 5 - -2035132?
2035140
In base 4, what is 0 + 1213030221131?
1213030221131
In base 3, what is -110200 - 11111112010?
-11111222210
In base 2, what is -1 + 111011111001010010100110?
111011111001010010100101
In base 14, what is -29d + 577d?
54c0
In base 9, what is 54 + 12848?
13013
In base 12, what is 4 + -25512?
-2550a
In base 13, what is c00 + bb9?
1ab9
In base 14, what is -1694b3 + 1?
-1694b2
In base 4, what is -1 + -2322111312?
-2322111313
In base 13, what is -18712a5a - -5?
-18712a55
In base 8, what is -134605 - 16161?
-152766
In base 5, what is -4 + -12041443022?
-12041443031
In base 16, what is -167 + 14d6?
136f
In base 14, what is -7 + -71460?
-71467
In base 9, what is 3135 - -128603?
132738
In base 4, what is -103232 - -30312221?
30202323
In base 4, what is -30231 - 10312021?
-11002312
In base 6, what is -41412525 + 1?
-41412524
In base 5, what is -1024230 + -22113?
-1101343
In base 11, what is 2 + 8368976?
8368978
In base 6, what is 1022004 + 3334?
1025342
In base 9, what is 30 - 20867?
-20837
In base 9, what is 6 + 15810285?
15810302
In base 6, what is -142311 + 1332224?
1145513
In base 9, what is -5257704 - 6?
-5257711
In base 7, what is 62401204 + -21?
62401153
In base 14, what is 118 + -325c?
-3144
In base 15, what is -2820 + 1480?
-1390
In base 7, what is 2141324640 + -1?
2141324636
In base 8, what is 145165046 - -5?
145165053
In base 15, what is -16e6e6 + 15?
-16e6d1
In base 11, what is -5 - 13644165?
-1364416a
In base 14, what is 36b54224 + 4?
36b54228
In base 16, what is -eef6 + e?
-eee8
In base 5, what is -11 + -11424024303?
-11424024314
In base 16, what is -82 + -5b32?
-5bb4
In base 15, what is -4d62daa + -4?
-4d62dae
In base 2, what is 110001001111000111 + 110001?
110001001111111000
In base 9, what is 21014306 - -2?
21014308
In base 10, what is 2938719 + -229?
2938490
In base 8, what is -45 + -1310036?
-1310103
In base 16, what is -2 - 29ccd3?
-29ccd5
In base 14, what is -b1 - -1a225?
1a154
In base 10, what is 0 - -6513703?
6513703
In base 11, what is a8914475 + -1?
a8914474
In base 5, what is -20403324 + -11?
-20403340
In base 5, what is 2410042340 - -14?
2410042404
In base 16, what is -70e1ba + 4?
-70e1b6
In base 13, what is -282 + 95068?
94ab6
In base 14, what is -3a45c75 - -3?
-3a45c72
In base 2, what is -100101 - 10110010111100111001?
-10110010111101011110
In base 5, what is -244 - -301111143?
301110344
In base 14, what is -24 + -cd409?
-cd42d
In base 9, what is 403572563 - 3?
403572560
In base 2, what is -1 - 1000011111101110111?
-1000011111101111000
In base 14, what is -14 - -829a1d?
829a09
In base 2, what is -11001111101000111001 + -10?
-11001111101000111011
In base 14, what is 4bd5 - 15d?
4a76
In base 16, what is -1995 - -3ba9?
2214
In base 7, what is 0 - -2113165512?
2113165512
In base 7, what is 412 - 1453521?
-1453106
In base 8, what is -3626 + 10623?
4775
In base 4, what is -10 - -22132100211?
22132100201
In base 12, what is 69295b + 357?
6930b6
In base 15, what is dcc941 + c?
dcc94d
In base 13, what is -36 + -20a50c?
-20a545
In base 3, what is -1022 + 200020112122?
200020111100
In base 15, what is -669597 + -4?
-66959b
In base 13, what is 6 - -1c94b6?
1c94bc
In base 4, what is 1013 - -223323101?
223330120
In base 2, what is 100000001001001001010 - -1000110?
100000001001010010000
In base 2, what is 1011101100110100 - 110100?
1011101100000000
In base 10, what is -649 + 341181?
340532
In base 9, what is -14 - 3882741?
-3882755
In base 12, what is -3 + 18054a86?
18054a83
In base 8, what is 17370314 + -5?
17370307
In base 6, what is -1554310241 - 2?
-1554310243
In base 5, what is -11 - -33132220?
33132204
In base 5, what is -12 - -232001224?
232001212
In base 6, what is 350041452 - -55?
350041551
In base 6, what is -2 + -151002443?
-151002445
In base 6, what is -22341 + -2244143?
-2310524
In base 5, what is 30 - -34024212?
34024242
In base 7, what is -1 - -25326452?
25326451
In base 8, what is -4775 + -42610?
-47605
In base 5, what is 4 + -43414330310?
-43414330301
In base 3, what is 120021002100 - 0?
120021002100
In base 3, what is 22 - -120202110011221?
120202110012020
In base 6, what is 3 + -115331350?
-115331343
In base 6, what is 100541254 + 5?
100541303
In base 14, what is 9 + -c56c?
-c563
In base 3, what is 121 + 2010202211112111?
2010202211120002
In base 4, what is -2 - 11002121011222?
-11002121011230
In base 16, what is 1 + -10fd0c6?
-10fd0c5
In base 7, what is 1 + -1346440436?
-1346440435
In base 4, what is 3 + -310310013?
-310310010
In base 11, what is -510647 + 6?
-510641
In base 2, what is -100010100011101110101 + 0?
-100010100011101110101
In base 10, what is -30823 - -1315?
-29508
In base 6, what is -3341134 + 3144?
-3333550
In base 3, what is -221 + 22021220021?
22021212100
In base 14, what is 64d5 + 173?
6668
In base 14, what is 38 + -175c17?
-175bbd
In base 16, what